76 - 5?
-1b837b
In base 2, what is -1000000011011 + 101?
-1000000010110
In base 12, what is 1736 + -3a7?
134b
In base 13, what is -20bb + -1?
-20bc
In base 4, what is -3 + 33212332?
33212323
In base 16, what is 2 - -460b?
460d
In base 16, what is -26cce1 + -4?
-26cce5
In base 12, what is 5 + -85961?
-85958
In base 5, what is 4 - 333240?
-333231
In base 15, what is -1ed + -255?
-453
In base 8, what is 112 + -366512?
-366400
In base 16, what is 1 - -145ed6?
145ed7
In base 13, what is -4 - 22bbb?
-22bc2
In base 9, what is 2051026 + -6?
2051020
In base 16, what is 39 + 1e94?
1ecd
In base 5, what is -2014 - -10300?
3231
In base 11, what is -5 + -236417?
-236421
In base 16, what is -abc71 + -3?
-abc74
In base 6, what is -150 + -15125?
-15315
In base 10, what is -4 + 95388?
95384
In base 8, what is 352036 - -2?
352040
In base 7, what is 2351 + -56?
2262
In base 15, what is 1 - 18a17?
-18a16
In base 6, what is -530 + 11201?
10231
In base 12, what is 105695 + -1?
105694
In base 3, what is -1020112 + -222111?
-2020000
In base 6, what is 3201004 + 5?
3201013
In base 5, what is 3201 - 113?
3033
In base 7, what is -3236 - 1035?
-4304
In base 6, what is -105 - -10233?
10124
In base 7, what is -2466346 - -5?
-2466341
In base 2, what is -1110000 - -1000?
-1101000
In base 11, what is 263 + 5?
268
In base 10, what is 25037 + -139?
24898
In base 10, what is 1340 - 56?
1284
In base 14, what is 1648 + -72b?
d1b
In base 14, what is 13 + 198c?
19a1
In base 14, what is -48cd9 - 3?
-48cdc
In base 14, what is 2 + d6570?
d6572
In base 3, what is 10020212200 + 121?
10020220021
In base 10, what is 2 - -22770?
22772
In base 3, what is 12 - 112100111002?
-112100110220
In base 5, what is 0 - 444?
-444
In base 16, what is 438d7 + 5?
438dc
In base 7, what is -5 + 3161?
3153
In base 3, what is -12 + -2021102102?
-2021102121
In base 13, what is 1 - 393b?
-393a
In base 13, what is -320512 - 5?
-320517
In base 2, what is 10011001 + -1011?
10001110
In base 8, what is 1627 - 21?
1606
In base 12, what is 71 - -38ab?
3960
In base 7, what is -4 - -6520565?
6520561
In base 16, what is 6aa37 + 9?
6aa40
In base 8, what is 4 + 36435?
36441
In base 13, what is -50 + -7c71?
-7cc1
In base 9, what is 4674 - 67?
4606
In base 6, what is 3034 + 32?
3110
In base 7, what is 10610 - 105?
10502
In base 6, what is -52421 + 3?
-52414
In base 9, what is 444 + 500?
1044
In base 10, what is 3 + 6593?
6596
In base 15, what is -b1 + -d80?
-e41
In base 9, what is 22 + 14823?
14845
In base 16, what is -543 - 41b?
-95e
In base 8, what is 0 - -7304560?
7304560
In base 9, what is 2060 + 138?
2208
In base 7, what is 2243 - -12?
2255
In base 8, what is 11032 - -1643?
12675
In base 8, what is -2 + 445015?
445013
In base 10, what is 4 - -6999?
7003
In base 16, what is -29 - -1ad2?
1aa9
In base 8, what is 11065 + -200?
10665
In base 5, what is 4 + 1234123?
1234132
In base 7, what is 12 - 10223?
-10211
In base 2, what is -11001011100101101101 + -101?
-11001011100101110010
In base 15, what is b5a + -15?
b45
In base 13, what is -1 - -502c33?
502c32
In base 16, what is 17e + -d1?
ad
In base 15, what is e3135 + 3?
e3138
In base 3, what is -111 - -110020021?
110012210
In base 9, what is -1262 + -1104?
-2366
In base 7, what is 4 + -5322315?
-5322311
In base 12, what is -2 + 398a?
3988
In base 3, what is 101202220 + 221?
101210211
In base 5, what is -41 - -241011?
240420
In base 4, what is 33113 - 20?
33033
In base 13, what is 3 - 35755?
-35752
In base 12, what is -2a2a9 + 4?
-2a2a5
In base 4, what is -311310313 + 10?
-311310303
In base 14, what is 2ba8 + -3?
2ba5
In base 12, what is -244 + -16?
-25a
In base 3, what is -10122102 + 1212?
-10120120
In base 10, what is 5994 + 4?
5998
In base 11, what is 65 + 80?
135
In base 12, what is -8 - 10b8?
-1104
In base 16, what is -328 - 467?
-78f
In base 5, what is 20100433 - 10?
20100423
In base 7, what is 3 - 25663?
-25660
In base 7, what is -330015 - -44?
-326641
In base 9, what is -2481 - -37?
-2443
In base 3, what is -10122 + -200201?
-211100
In base 6, what is 4 - 1313014?
-1313010
In base 10, what is 5 + -156988?
-156983
In base 15, what is 99d + -338?
665
In base 14, what is -159 - 3b?
-196
In base 3, what is 212111111 - -200?
212112011
In base 16, what is 26a - -337?
5a1
In base 16, what is -1fe + 226?
28
In base 4, what is -12 - -120103333?
120103321
In base 6, what is 2230 + -210?
2020
In base 3, what is -110001012 + -12?
-110001101
In base 12, what is 0 + -5649?
-5649
In base 11, what is -4 - -4205?
4201
In base 9, what is 6338 + -1485?
4743
In base 13, what is 1707 - 16?
16c1
In base 6, what is 0 + -204545?
-204545
In base 8, what is -1050 + -75?
-1145
In base 9, what is -2 - 818351?
-818353
In base 4, what is 132 - -2223?
3021
In base 8, what is 11235 - 1200?
10035
In base 6, what is 2233435 + -10?
2233425
In base 9, what is 3033825 - 0?
3033825
In base 9, what is 260424 + -1?
260423
In base 10, what is 421007 + 1?
421008
In base 4, what is -2110 - 12003?
-20113
In base 7, what is -101 - -16?
-52
In base 10, what is -48 + 27595?
27547
In base 12, what is 18441 + 7?
18448
In base 6, what is 1 - 112030?
-112025
In base 2, what is -100 + -101001101111?
-101001110011
In base 12, what is 162 - -122?
284
In base 2, what is 111 + -1000000001?
-111111010
In base 15, what is -3 + -6ea86?
-6ea89
In base 3, what is 0 - -221112102?
221112102
In base 5, what is 10014004 - -3?
10014012
In base 8, what is 112 - -2472?
2604
In base 12, what is -6895a + 1?
-68959
In base 13, what is 242176 - -2?
242178
In base 15, what is 9ea - 0?
9ea
In base 10, what is -608119 - 2?
-608121
In base 12, what is 135a07 - -12?
135a19
In base 4, what is -33211 + 301?
-32310
In base 7, what is -13611316 - 2?
-13611321
In base 6, what is -1230 + -23?
-1253
In base 9, what is -1 + -831814?
-831815
In base 15, what is 38061 - 0?
38061
In base 3, what is 10 - 112010202122?
-112010202112
In base 8, what is -123 + 7562?
7437
In base 14, what is -5 - 2983?
-2988
In base 7, what is 34503 - -226?
35032
In base 4, what is 0 - 110320131?
-110320131
In base 9, what is -4 + -20051?
-20055
In base 11, what is 78aa02 - -3?
78aa05
In base 2, what is -100001001001010 + 0?
-100001001001010
In base 3, what is 1 - 1002102112212?
-1002102112211
In base 4, what is -123 - 10120?
-10303
In base 16, what is -1e + -67a?
-698
In base 3, what is 221210200 - 101122?
221102001
In base 6, what is 2 - 40100?
-40054
In base 12, what is 26102 - 10?
260b2
In base 10, what is -122745 + 5?
-122740
In base 14, what is 5b1 - -9?
5ba
In base 13, what is 3c + -505?
-496
In base 14, what is -3 + -5266?
-5269
In base 4, what is -21003 - 211203?
-232212
In base 2, what is 0 - -10000101010001101011?
10000101010001101011
In base 7, what is 365251 + -45?
365203
In base 10, what is -29 - -49563?
49534
In base 8, what is -312 + -10067?
-10401
In base 2, what is 1110001111101110 + 100?
1110001111110010
In base 16, what is -6af + -1a?
-6c9
In base 12, what is -10345 + 3?
-10342
In base 14, what is -349 - 93?
-3dc
In base 11, what is -19 - -4528?
450a
In base 5, what is -2234421220 - -3?
-2234421212
In base 5, what is -224211 + -221?
-224432
In base 9, what is -12541 - -2?
-12538
In base 9, what is -13 - -50485?
50472
In base 3, what is -2 + -1102212212200?
-1102212212202
In base 10, what is 25 - -15128?
15153
In base 11, what is 6031a - -5?
60324
In base 5, what is 11334 + 14220?
31104
In base 12, what is 3 - 7a419?
-7a416
In base 15, what is 17 - -1c84?
1c9b
In base 4, what is 21110 - -3130?
30300
In base 14, what is 19d2 + -d?
19c3
In base 15, what is -10bb96 + 3?
-10bb93
In base 3, what is 10 - -2002012202?
2002012212
In base 15, what is -2 + b1e02?
b1e00
In base 13, what is 6b9c - 0?
6b9c
In base 10, what is 290985 + 2?
290987
In base 3, what is -1112001201 + 2111?
-1111222020
In base 13, what is -2160 - -623?
-183a
In base 13, what is -1347 + 15?
-1332
In base 2, what is 10101101 - 1000011101?
-101110000
In base 9, what is 1330 - 1608?
-268
In base 13, what is 0 - -194bc?
194bc
In base 6, what is 105450 + -1440?
104010
In base 3, what is -10 + -21020222?
-21021002
In base 6, what is 25 + 553?
1022
In base 6, what is 2033044 - -1?
2033045
In base 4, what is -11 - 2112101?
-2112112
In base 8, what is 276 - -202?
500
In base 10, what is 5 + -39107?
-39